to base 16.
7
2 (base 15) to base 7
2
Convert -43 (base 14) to base 15.
-3e
0 (base 13) to base 11
0
What is -120 (base 3) in base 16?
-f
Convert -142 (base 5) to base 12.
-3b
Convert -d (base 15) to base 2.
-1101
What is 0 (base 8) in base 6?
0
What is -32 (base 6) in base 5?
-40
1110 (base 3) to base 8
47
3 (base 15) to base 5
3
Convert 32 (base 4) to base 6.
22
46 (base 7) to base 4
202
-69 (base 11) to base 16
-4b
What is 11 (base 9) in base 11?
a
Convert 2010 (base 3) to base 10.
57
-10100 (base 2) to base 10
-20
What is -1 (base 15) in base 5?
-1
Convert -21 (base 4) to base 12.
-9
What is -65 (base 9) in base 15?
-3e
What is 51 (base 6) in base 12?
27
Convert 3 (base 10) to base 14.
3
16c (base 15) to base 8
507
What is 13 (base 13) in base 3?
121
What is 35 (base 15) in base 9?
55
What is 10 (base 11) in base 16?
b
3 (base 11) to base 15
3
-1011 (base 3) to base 6
-51
-111 (base 7) to base 11
-52
Convert -3 (base 12) to base 7.
-3
What is -3 (base 11) in base 14?
-3
Convert 2 (base 15) to base 2.
10
Convert -1 (base 8) to base 10.
-1
Convert -36 (base 14) to base 6.
-120
What is -4 (base 13) in base 3?
-11
What is -379 (base 10) in base 5?
-3004
What is -1 (base 12) in base 13?
-1
Convert 2 (base 7) to base 8.
2
Convert -2 (base 7) to base 9.
-2
What is 251 (base 8) in base 16?
a9
-3 (base 15) to base 9
-3
What is 221 (base 14) in base 7?
1141
Convert 0 (base 14) to base 4.
0
Convert -b (base 15) to base 8.
-13
Convert -88 (base 9) to base 14.
-5a
Convert 6 (base 15) to base 16.
6
3 (base 6) to base 14
3
-2 (base 10) to base 7
-2
Convert 1a (base 14) to base 16.
18
1 (base 5) to base 8
1
200 (base 12) to base 10
288
What is 1200 (base 5) in base 3?
20111
Convert -7 (base 10) to base 11.
-7
-100 (base 2) to base 14
-4
What is 434 (base 5) in base 14?
87
What is -29 (base 12) in base 5?
-113
Convert 134 (base 5) to base 13.
35
Convert 111 (base 2) to base 15.
7
What is 226 (base 8) in base 13?
b7
Convert -5 (base 12) to base 15.
-5
2 (base 6) to base 14
2
Convert -318 (base 10) to base 6.
-1250
0 (base 2) to base 14
0
What is 18 (base 12) in base 5?
40
-10002 (base 3) to base 10
-83
Convert 32 (base 4) to base 7.
20
What is -2 (base 16) in base 4?
-2
-3 (base 12) to base 2
-11
-1 (base 5) to base 12
-1
What is 1 (base 12) in base 4?
1
Convert 6a (base 11) to base 12.
64
Convert 6 (base 10) to base 12.
6
13 (base 7) to base 5
20
-1b (base 12) to base 6
-35
Convert 7 (base 15) to base 9.
7
Convert -353 (base 7) to base 4.
-2321
3 (base 5) to base 10
3
-100 (base 2) to base 6
-4
What is a (base 15) in base 12?
a
Convert 3 (base 7) to base 10.
3
Convert 12 (base 11) to base 14.
d
What is 13 (base 6) in base 4?
21
Convert 14 (base 5) to base 4.
21
-1000001 (base 2) to base 8
-101
What is -2 (base 15) in base 13?
-2
What is 20 (base 3) in base 4?
12
What is 0 (base 10) in base 5?
0
0 (base 6) to base 13
0
Convert -2 (base 9) to base 7.
-2
What is -1a7 (base 15) in base 9?
-464
168 (base 11) to base 15
d0
-142 (base 5) to base 15
-32
-231 (base 8) to base 5
-1103
What is 0 (base 16) in base 12?
0
What is -13e (base 16) in base 8?
-476
What is 13 (base 12) in base 2?
1111
-27 (base 12) to base 14
-23
-2133 (base 4) to base 16
-9f
What is -c (base 15) in base 14?
-c
10001000 (base 2) to base 9
161
Convert -263 (base 10) to base 15.
-128
Convert -4 (base 16) to base 8.
-4
Convert 9 (base 13) to base 11.
9
-11 (base 6) to base 11
-7
Convert -13 (base 16) to base 11.
-18
Convert -10010000 (base 2) to base 9.
-170
Convert 100110 (base 2) to base 16.
26
88 (base 12) to base 4
1220
a (base 16) to base 6
14
7 (base 12) to base 13
7
Convert -4c (base 13) to base 3.
-2101
-110111 (base 2) to base 11
-50
Convert 24 (base 16) to base 2.
100100
What is 15 (base 16) in base 9?
23
What is 25 (base 12) in base 8?
35
1 (base 13) to base 2
1
188 (base 10) to base 14
d6
Convert -3 (base 7) to base 4.
-3
120 (base 7) to base 13
4b
Convert 1 (base 16) to base 3.
1
103 (base 15) to base 10
228
What is 0 (base 6) in base 7?
0
What is -10b (base 13) in base 15?
-c0
-2 (base 13) to base 10
-2
3 (base 4) to base 7
3
90 (base 10) to base 3
10100
What is -1 (base 9) in base 11?
-1
Convert -2022 (base 3) to base 15.
-42
Convert 11 (base 2) to base 13.
3
What is 3 (base 16) in base 5?
3
Convert 3 (base 14) to base 3.
10
What is 211 (base 4) in base 14?
29
What is -100 (base 2) in base 12?
-4
Convert 8 (base 12) to base 6.
12
What is -1011011 (base 2) in base 9?
-111
What is -100 (base 4) in base 15?
-11
-23 (base 6) to base 13
-12
13 (base 5) to base 2
1000
1001100 (base 2) to base 12
64
What is a (base 16) in base 7?
13
What is 5 (base 8) in base 16?
5
What is 4 (base 12) in base 16?
4
Convert -4 (base 7) to base 11.
-4
Convert b (base 16) to base 13.
b
Convert 35 (base 12) to base 7.
56
What is 50 (base 9) in base 2?
101101
-2 (base 12) to base 7
-2
What is 1 (base 6) in base 3?
1
Convert -78 (base 11) to base 4.
-1111
Convert -200 (base 8) to base 10.
-128
What is -6 (base 15) in base 5?
-11
What is 21002 (base 3) in base 16?
bf
3 (base 12) to base 14
3
Convert -2002 (base 3) to base 13.
-44
-22 (base 10) to base 2
-10110
Convert 6 (base 16) to base 8.
6
What is -3a (base 12) in base 6?
-114
133 (base 4) to base 12
27
2 (base 13) to base 9
2
Convert 24 (base 5) to base 13.
11
Convert 12 (base 6) to base 4.
20
5 (base 8) to base 9
5
What is 5 (base 6) in base 11?
5
What is -10a (base 11) in base 4?
-2003
What is -22 (base 5) in base 11?
-11
Convert 15 (base 11) to base 13.
13
-1103 (base 4) to base 15
-58
-9 (base 16) to base 14
-9
What is 1 (base 2) in base 4?
1
Convert 198 (base 12) to base 9.
318
Convert 10 (base 6) to base 2.
110
Convert -c (base 16) to base 13.
-c
What is 29 (base 13) in base 2?
100011
Convert -11 (base 2) to base 4.
-3
-1101101 (base 2) to base 3
-11001
Convert 12 (base 10) to base 16.
c
-1 (base 13) to base 4
-1
-110111 (base 2) to base 16
-37
What is 0 (base 15) in base 2?
0
101 (base 3) to base 16
a
What is 19 (base 16) in base 3?
221
-3 (base 7) to base 15
-3
Convert -37 (base 10) to base 15.
-27
Convert 24 (base 9) to base 10.
22
-121 (base 4) to base 6
-41
Convert -17 (base 9) to base 10.
-16
0 (base 4) to base 8
0
What is 1 (base 5) in base 14?
1
-13 (base 10) to base 14
-d
-34 (base 14) to base 12
-3a
What is 12 (base 3) in base 9?
5
What is 4 (base 11) in base 12?
4
Convert 2 (base 14) to base 10.
2
What is -37 (base 10) in base 15?
-27
-79 (base 11) to base 8
-126
What is 2 (base 10) in base 13?
2
-54 (base 14) to base 10
-74
What is -47 (base 9) in base 13?
-34
Convert -3 (base 8) to base 14.
-3
Convert 10110 (base 2) to base 16.
16
55 (base 16) to base 4
1111
204 (base 11) to base 4
3312
3 (base 13) to base 2
11
Convert -1 (base 11) to base 13.
-1
Convert -10000011 (base 2) to base 14.
-95
What is -101011 (base 2) in base 14?
-31
Convert 11 (base 4) to base 2.
101
What is -1 (base 10) in base 13?
-1
What is 30 (base 14) in base 2?
101010
What is -3a (base 11) in base 14?
-31
Convert -28 (base 13) to base 7.
-46
What is -105 (base 6) in base 5?
-131
Convert -10221 (base 3) to base 6.
-254
What is -1 (base 3) in base 5?
-1
-10101011 (base 2) to base 3
-20100
103 (base 9) to base 6
220
Convert 102 (base 8) to base 7.
123
Convert 78 (base 16) to base 3.
11110
Convert -2 (base 10) to base 16.
-2
Convert -144 (base 13) to base 2.
-11100001
What is 3 (base 14) in base 15?
3
What is 30 (base 9) in base 16?
1b
Convert 30 (base 5) to base 7.
21
-232 (base 6) to base 7
-161
What is -33 (base 4) in base 9?
-16
0 (base 15) to base 11
0
-22002 (base 3) to base 16
-da
What is 130 (base 11) in base 6?
414
What is -32 (base 13) in base 7?
-56
-1 (base 16) to base 14
-1
0 (base 7) to base 3
0
Convert -37 (base 9) to base 16.
-22
-19 (base 12) to base 5
-41
What is 2 (base 14) in base 10?
2
What is 1 (base 3) in base 7?
1
What is -1110 (base 4) in base 16?
-54
-13 (base 10) to base 11
-12
11 (base 6) to base 13
7
What is -2020 (base 3) in base 8?
-74
What is 3 (base 8) in base 3?
10
Convert 57 (base 12) to base 15.
47
What is 131 (base 5) in base 10?
41
12b (base 13) to base 10
206
3 (base 12) to base 16
3
What is f (base 16) in base 2?
1111
Convert 110010 (base 2) to base 3.
1212
Convert 0 (base 10) to base 9.
0
5 (base 10) to base 8
5
Convert -2 (bas